mine a(2).
1608
Let t(r) = 446*r - 16637. What is t(37)?
-135
Let s(y) = -6*y**3 + 115*y**2 - 352*y - 51. What is s(4)?
-3
Let a(o) = -66228*o - 463600. What is a(-7)?
-4
Let v(l) = 37*l**2 + 307*l - 571. What is v(-10)?
59
Let k(n) = -n**2 - 22*n + 6609. Determine k(-108).
-2679
Let p(v) = 18*v**2 + 678*v + 5608. Calculate p(-14).
-356
Let s(o) = 31*o**3 - 627*o**2 + 690*o + 579. Calculate s(19).
-29
Let b(a) = 5710*a - 33327. Calculate b(6).
933
Let m(w) = w**2 + 9904*w + 237117. Give m(-24).
-3
Let j(r) = 5*r**3 - 560*r**2 - 296*r + 33147. What is j(112)?
-5
Let x(o) = 11*o**2 + 79*o + 364. What is x(-5)?
244
Let j(c) = c**2 + 24*c - 22091. Determine j(137).
-34
Let q(s) = -5*s**3 - 112*s**2 - 394*s + 2418. Calculate q(-15).
3
Let d(h) = -2*h**3 + 504*h**2 + 514*h - 1719. What is d(253)?
305
Let b(t) = 4*t**3 - 187*t**2 - 908*t - 213. Calculate b(51).
-2304
Let v(w) = w**3 - 69*w**2 + 120*w + 435. Determine v(67).
-503
Let v(j) = 515*j - 9192. What is v(18)?
78
Let x(s) = 2*s**3 + 622*s**2 - 612*s + 3432. Determine x(-312).
-312
Let k(j) = -j**3 - 22*j**2 - 13*j + 4. Determine k(-22).
290
Let j(q) = -717*q**2 - 1499*q + 6. Calculate j(-2).
136
Let o(f) = 2*f**3 - 120*f**2 - 36284*f - 694. Calculate o(168).
-22
Let z(k) = -2*k**2 - 442*k + 10332. Give z(-242).
168
Let p(z) = -160*z**2 + 2399*z - 25. Calculate p(15).
-40
Let h(m) = -m**3 - 49*m**2 - 501*m + 1373. What is h(-32)?
-3
Let d(c) = -1278*c - 725811. Determine d(-568).
93
Let o(c) = -78*c + 2547. Calculate o(24).
675
Let u(t) = 5980*t + 424586. Determine u(-71).
6
Let m(v) = -30*v**2 + 3190*v - 7284. Determine m(104).
-4
Let s(n) = -7118*n**2 - 491146*n - 271. Determine s(-69).
5
Let g(i) = 21*i**2 + 1245*i - 24737. What is g(-75)?
13
Let p(v) = 55*v**3 - 123*v**2 - 21*v + 19. What is p(3)?
334
Let p(v) = -36286*v + 108432. What is p(3)?
-426
Let n(q) = 2*q**2 - 701*q + 26444. Give n(43).
-1
Let f(l) = l**3 - 23*l**2 + 320. Determine f(22).
-164
Let j(l) = -2884*l - 60576. Calculate j(-21).
-12
Let m(r) = 2*r**3 - 120*r + 147. Determine m(6).
-141
Let q(o) = 2*o**3 + 281*o**2 + 973*o + 1948. What is q(-137)?
30
Let m(c) = -179*c + 925. Determine m(6).
-149
Let t(k) = -399*k + 8833. Calculate t(22).
55
Let g(c) = -c**3 - 779*c**2 + 2358*c + 621679. Calculate g(-781).
3
Let l(j) = -246*j + 25357. Give l(116).
-3179
Let n(w) = 2*w**3 + 2187*w - 11178. Calculate n(5).
7
Let z(d) = 3*d**2 + 371*d - 32325. Give z(59).
7
Let u(i) = -40*i**3 + 834*i**2 - 3509*i - 5. Calculate u(15).
10
Let y(q) = -5*q**3 - 215*q**2 + 309*q + 3912. Give y(-44).
-4
Let v(c) = -4741082*c + 4741078. Calculate v(1).
-4
Let f(x) = -x**3 - 25*x**2 - 12*x + 5. Give f(-25).
305
Let f(i) = 6*i**2 + 15*i + 369. Give f(-11).
930
Let p(d) = -83*d**2 - 403*d + 1590. Determine p(4).
-1350
Let z(r) = 12169*r**3 - 742310*r**2 + 62*r - 54. Give z(61).
7
Let u(o) = 4*o**3 + 51*o**2 + 21*o + 131. Calculate u(-12).
311
Let l(z) = 150*z - 981. Give l(9).
369
Let y(v) = -v**3 - 61*v**2 - 153350*v - 9511554. Give y(-62).
-10
Let y(b) = 5*b**2 - 9129*b + 54788. What is y(6)?
194
Let q(g) = 1406*g - 364141. Determine q(259).
13
Let o(l) = -3*l**3 + 103*l**2 - 43*l + 331. Give o(34).
25
Let a(c) = -800*c + 24061. Calculate a(30).
61
Let y(o) = o**3 - 237*o**2 + 3745*o + 165. Give y(17).
250
Let w(i) = -4*i**3 - 800*i**2 + 1618*i + 419. Give w(-202).
15
Let j(t) = 5*t**2 + 58611*t + 117223. What is j(-2)?
21
Let x(r) = -5*r**3 + 27*r**2 - 1407*r + 8552. Give x(6).
2
Let w(i) = 5970*i - 477601. Determine w(80).
-1
Let c(f) = f**3 + 38*f**2 - 1076*f + 422. What is c(-57)?
23
Let d(b) = -7*b**2 - 99*b + 91. What is d(-19)?
-555
Let k(c) = 7*c**3 - 1629*c**2 + 1159*c + 137. Calculate k(232).
-95
Let a(r) = -14404*r + 158334. Determine a(11).
-110
Let u(g) = -2*g**3 + 8*g**2 + 622*g - 2476. Calculate u(4).
12
Let f(r) = 862*r**2 + 27309*r + 18199. Give f(-31).
2
Let a(p) = 4*p**3 - 1134*p**2 + 575*p - 2583. Determine a(283).
-36
Let h(n) = 2*n**2 - 638*n + 24952. Determine h(273).
-164
Let u(a) = a**3 - 127*a**2 + 488*a + 227. Determine u(123).
-265
Let d(b) = -1889*b + 35768. Determine d(19).
-123
Let i(c) = 9524*c - 628544. Calculate i(66).
40
Let v(d) = -147*d - 21330. Determine v(-147).
279
Let j(x) = -2*x**2 - 9*x + 368. Give j(14).
-150
Let q(h) = 14601*h - 1606114. Calculate q(110).
-4
Let w(c) = -c**3 + 28*c**2 - 8206*c + 220834. Give w(27).
1
Let o(y) = y**2 + 165*y - 4788. Determine o(26).
178
Let l(p) = 116055*p - 580284. Give l(5).
-9
Let j(r) = -r**3 + 431*r**2 - 447*r + 7325. Give j(430).
15
Let l(s) = s**3 - s**2 - 511*s - 3502. Give l(-8).
10
Let j(c) = -10530*c - 42034. What is j(-4)?
86
Let w(y) = -6*y**3 - 10*y**2 - 365*y - 1112. Calculate w(-3).
55
Let o(g) = g**2 + 143096*g + 1860096. Give o(-13).
17
Let n(m) = m**2 + 55*m + 1080. Calculate n(-61).
1446
Let y(f) = -41*f**2 + 1754*f + 4102. What is y(45)?
7
Let q(c) = 9*c**2 - 1653*c + 11577. Determine q(7).
447
Let k(u) = 2*u**2 - 280*u - 18504. What is k(-49)?
18
Let n(j) = -1730*j - 38718. Give n(-24).
2802
Let d(r) = 17*r**3 - 24*r**2 - 6*r + 34. Determine d(5).
1529
Let r(n) = 46*n - 388. Calculate r(19).
486
Let d(z) = -10*z**2 - 1371*z - 4117. Give d(-3).
-94
Let y(p) = -7*p**3 - 91*p**2 + 80*p - 253. Determine y(-14).
-1
Let a(c) = 2387*c - 114643. What is a(48)?
-67
Let v(q) = q**2 + 11158*q + 853198. Calculate v(-77).
-39
Let b(c) = -14*c**2 - 416*c + 296. Give b(-32).
-728
Let m(o) = -o**2 - 594*o - 17541. Determine m(-31).
-88
Let d(c) = -37496*c + 524878. Calculate d(14).
-66
Let d(r) = 3*r**2 + 397*r - 78920. Give d(109).
-4
Let j(s) = -35469*s + 141859. Give j(4).
-17
Let m(k) = -9461*k - 160845. Determine m(-17).
-8
Let v(r) = -890*r - 6324. Calculate v(-8).
796
Let b(q) = q**3 - 12*q**2 + 2082*q - 27232. What is b(13)?
3
Let v(u) = u**3 - 47*u**2 - 328*u + 9519. What is v(49)?
-1751
Let i(p) = -14*p**2 + 426*p + 45166. Calculate i(74).
26
Let f(y) = -4*y**3 - 5*y**2 + 150*y + 155. Determine f(-9).
1316
Let p(o) = -222261*o - 888938. Determine p(-4).
106
Let r(q) = 10*q**3 + 2441*q**2 + 245*q + 228. Give r(-244).
-16
Let m(x) = -112*x**3 - 7841*x**2 - 28*x + 2936. What is m(-70)?
-4
Let q(k) = 1362*k - 83853. What is q(65)?
4677
Let l(c) = 16670*c + 379. Calculate l(0).
379
Let b(h) = -2*h**3 - 300*h**2 + 600*h - 1207. Calculate b(-152).
9
Let b(k) = 29281*k - 205199. Determine b(7).
-232
Let z(p) = -p**2 + 404*p - 31196. Determine z(300).
4
Let m(k) = -416729*k - 9584775. Calculate m(-23).
-8
Let z(f) = -3*f**3 - 59*f**2 - 566*f - 11724. Calculate z(-20).
-4
Let l(a) = -3*a**3 + 5*a**2 + 80*a + 38. Calculate l(-4).
-10
Let i(d) = 4446*d + 1978520. What is i(-445)?
50
Let y(b) = 13715*b + 219738. Determine y(-16).
298
Let v(m) = -34185*m + 68358. Calculate v(2).
-12
Let a(u) = -6707*u - 174449. Give a(-26).
-67
Let k(j) = 5*j**3 + 127*j**2 + 636*j - 1719. Give k(-11).
-3
Let b(q) = 7007*q - 1779775. What is b(254)?
3
Let u(h) = -12*h**3 - 1057*h**2 - 69*h - 326. Give u(-88).
-1998
Let b(s) = -s**2 - 170*s - 2365. What is b(-154)?
99
Let t(g) = -308*g + 783. Determine t(5).
-757
Let z(o) = -931*o + 35873. Determine z(39).
-436
Let x(g) = 1130*g + 859. Give x(-1).
-271
Let j(s) = 43*s**2 + 5075*s + 137. Determine j(-118).
19
Let y(p) = -21278*p + 2808698. Calculate y(132).
2
Let r(t) = 2*t**2 - 921*t + 56263. Give r(388).
3
Let p(c) = c**3 + 83*c**2 + 859*c + 79259. Determine p(-84).
47
Let c(o) = 11*o**2 + 992*o + 5905. Calculate c(-6).
349
Let z(t) = -20*t**2 - 22*t + 144. Determine z(3).
-102
Let s(p) = 42*p - 3358. Calculate s(52).
-1174
Let i(j) = 2*j**3 - 7*j**2 + 2650*j - 7936. Give i(3).
5
Let h(l) = -l**3 + 57*l**2 - 290*l - 931. What is h(51)?
-115
Let h(w) = -20852*w - 41675. Give h(-2).
29
Let u(h) = -129716*h + 389152. Determine u(3).
4
Let c(q) = -35*q**2 + 2147*q + 257. What is c(61)?
989
Let b(y) = 12*y**2 + 476*y + 660. Calculate b(-38).
-100
Let i(d) = 964*d + 143640. Calculate i(-149).
4
Let a(c) = -c**2 + 714*c + 66917. Calculate a(-84).
-115
Let x(v) = -v**3 + 1287*v**2 - 170550*v - 7. Calculate x(150).
-7
Let d(o) = -o**3 + o**2 - 19889*o - 59680. Calculate d(-3).
23
Let h(f) = f**3 - 24*f**2 - 156*f + 459. Determine h(-10).
-1381
Let d(x) = x**3 + 24*x**2 + 98*x - 839. What is d(-13)?
-254
Let y(r) = -156*r + 5771. Give y(47).
-